number?
False
Is 19237 a prime number?
True
Is 16301 prime?
True
Is 33119 composite?
False
Is 16349 prime?
True
Is 1033117 a prime number?
False
Is 101911 composite?
True
Is 12841 prime?
True
Is 61637 prime?
True
Is 8267 a composite number?
True
Is 121145 composite?
True
Is 14903 prime?
False
Is 2094647 composite?
False
Is 419381 a composite number?
True
Is 9217 composite?
True
Is 35671 a prime number?
True
Is 236173 prime?
False
Is 97043 a composite number?
True
Is 13829 composite?
False
Is 2999 composite?
False
Is 2006329 a composite number?
True
Is 62635 composite?
True
Is 85691 composite?
False
Is 693647 a prime number?
False
Is 561409 a composite number?
False
Is 1801 composite?
False
Is 302843 composite?
False
Is 184211 prime?
True
Is 8663 a prime number?
True
Is 14591 a composite number?
False
Is 114937 prime?
False
Is 45569 a composite number?
False
Is 2371 a composite number?
False
Is 41801 composite?
False
Is 375569 a composite number?
False
Is 972071 prime?
True
Is 1802507 composite?
True
Is 5433 prime?
False
Is 542833 a composite number?
True
Is 47219 a prime number?
False
Is 104573 a prime number?
False
Is 620387 prime?
False
Is 286961 a composite number?
True
Is 1345 prime?
False
Is 53338 prime?
False
Is 209681 a prime number?
False
Is 287449 prime?
True
Is 21309 prime?
False
Is 14253 prime?
False
Is 673045 a composite number?
True
Is 2040055 a prime number?
False
Is 70349 a prime number?
False
Is 1411 a composite number?
True
Is 501733 a composite number?
True
Is 98099 a prime number?
False
Is 554 prime?
False
Is 28751 composite?
False
Is 23614 prime?
False
Is 9403 composite?
False
Is 4413 composite?
True
Is 426563 a composite number?
False
Is 127481 composite?
False
Is 75683 a prime number?
True
Is 523297 prime?
True
Is 1477 prime?
False
Is 44557 composite?
True
Is 11699 composite?
False
Is 19301 a prime number?
True
Is 31469 composite?
False
Is 5561 prime?
False
Is 485195 prime?
False
Is 20329 a composite number?
True
Is 9667 a prime number?
False
Is 60871 prime?
False
Is 4203707 a composite number?
False
Is 7787 a prime number?
False
Is 27147 a composite number?
True
Is 204413 a composite number?
True
Is 80141 a prime number?
True
Is 562318 a prime number?
False
Is 16519 a prime number?
True
Is 4181 a prime number?
False
Is 59821 prime?
False
Is 28781 prime?
False
Is 17707 a prime number?
True
Is 20159 a prime number?
False
Is 3385 a composite number?
True
Is 46049 a composite number?
False
Is 13723 a composite number?
False
Is 545473 a prime number?
True
Is 176777 composite?
False
Is 1411571 prime?
False
Is 17527 composite?
True
Is 33679 composite?
False
Is 43531 a prime number?
False
Is 130885 prime?
False
Is 720467 a prime number?
False
Is 437 composite?
True
Is 3907 composite?
False
Is 2893 prime?
False
Is 321601 a prime number?
False
Is 77611 composite?
False
Is 332647 a composite number?
True
Is 873271 composite?
True
Is 5333 a composite number?
False
Is 206111 a composite number?
True
Is 155003 a prime number?
True
Is 7369 a prime number?
True
Is 523099 composite?
True
Is 172133 prime?
False
Is 20707 composite?
False
Is 89141 prime?
False
Is 13523 a prime number?
True
Is 47935 a composite number?
True
Is 33169 composite?
True
Is 17693 a composite number?
True
Is 236369 a prime number?
False
Is 981611 a composite number?
True
Is 437117 a prime number?
False
Is 295937 prime?
True
Is 140419 prime?
True
Is 2743031 a prime number?
True
Is 9274 composite?
True
Is 1342729 composite?
True
Is 41101 composite?
True
Is 175103 prime?
True
Is 3005303 prime?
False
Is 9687 composite?
True
Is 1157 a composite number?
True
Is 91621 a prime number?
True
Is 1183199 composite?
False
Is 28751 a prime number?
True
Is 106129 prime?
True
Is 1996583 a composite number?
False
Is 354247 a prime number?
True
Is 715453 a prime number?
True
Is 25869 a prime number?
False
Is 40773 a prime number?
False
Is 29471 prime?
False
Is 3353 prime?
False
Is 36689 composite?
True
Is 7963 a composite number?
False
Is 575803 a composite number?
True
Is 108917 prime?
True
Is 159073 a prime number?
True
Is 5519 composite?
False
Is 269935 composite?
True
Is 3473 a composite number?
True
Is 7069 composite?
False
Is 191 prime?
True
Is 401083 prime?
False
Is 130621 a composite number?
False
Is 78773 a prime number?
False
Is 45802 a prime number?
False
Is 11215 a composite number?
True
Is 217207 a composite number?
False
Is 9017 prime?
False
Is 122413 a composite number?
True
Is 479 a prime number?
True
Is 259397 a prime number?
True
Is 249077 prime?
False
Is 290959 a composite number?
False
Is 14857 a prime number?
False
Is 143 a prime number?
False
Is 2491813 prime?
True
Is 11351 composite?
False
Is 523837 composite?
True
Is 1657 a composite number?
False
Is 117461 a composite number?
True
Is 1148167 composite?
False
Is 15217 a composite number?
False
Is 2579 a composite number?
False
Is 1151 composite?
False
Is 211 a prime number?
True
Is 347 composite?
False
Is 4621 prime?
True
Is 673781 a prime number?
True
Is 20627 prime?
True
Is 193703 a prime number?
True
Is 261223 a prime number?
True
Is 51 composite?
True
Is 25689 a prime number?
False
Is 3482 a composite number?
True
Is 3137 composite?
False
Is 53581 composite?
True
Is 1369 prime?
False
Is 889 a prime number?
False
Is 601487 composite?
False
Is 1333 prime?
False
Is 6803 a prime number?
True
Is 965723 composite?
True
Is 206617 prime?
False
Is 238871 a prime number?
False
Is 11599 a composite number?
True
Is 438143 composite?
False
Is 12131 prime?
False
Is 43863 a prime number?
False
Is 124067 composite?
False
Is 1799905 prime?
False
Is 105017 prime?
False
Is 351257 a prime number?
True
Is 10279 prime?
False
Is 8653147 a prime number?
True
Is 63823 a prime number?
True
Is 517349 a composite number?
True
Is 3037 composite?
False
Is 24337 a composite number?
False
Is 4903 composite?
False
Is 85 prime?
False
Is 19802 a prime number?
False
Is 677861 a composite number?
True
Is 658693 a composite number?
True
Is 33395 a composite number?
True
Is 65479 composite?
False
Is 4751 a composite number?
False
Is 339943 a composite number?
False
Is 487 a composite number?
False
Is 1398493 prime?
True
Is 230543 a composite number?
True
Is 13931 prime?
True
Is 11081 a prime number?
False
Is 371 prime?
False
Is 15683 prime?
True
Is 174281 composite?
False
Is 283213 composite?
True
Is 245123 a prime number?
False
Is 21547 a composite number?
True
Is 11969 prime?
True
Is 3649 a prime number?
False
Is 44579 composite?
False
Is 4035027 prime?
False
Is 146117 a composite number?
False
Is 88843 prime?
True
Is 3688591 a prime number?
True
Is 1154017 a prime number?
True
Is 354779 a prime number?
True
Is 935461 a composite number?
False
Is 8709 a composite number?
True
Is 21059 prime?
True
Is 63489 a composite number?
True
Is 34981 prime?
True
Is 1468877 prime?
True
Is 661253 a prime number?
True
Is 6229 composite?
False
Is 98191 a composite number?
True
Is 18623 prime?
False
Is 3137 a prime number?
True
Is 1821407 a prime number?
False
Is 7639 composite?
False
Is 83131 prime?
False
Is 694631 composite?
True
Is 25939 a composite number?
False
Is 468721 a composite number?
True
Is 190973 a prime number?
False
Is 1007789 composite?
False
Is 36289 prime?
False
Is 12031 a prime number?
False
Is 479 prime?
True
Is 32297 prime?
True
Is 128903 prime?
True
Is 99637 a prime number?
False
Is 63323 a prime number?
False
Is 1571 a prime number?
True
Is 17698 a composite number?
True
Is 385739 composite?
False
Is 127615 a composite number?
True
Is 2032553 prime?
True
Is 874421 prime?
False
Is 110893 a prime number?
False
Is 158577 a prime number?
False
Is 7509 prime?
False
Is 163 a prime number?
True
Is 261223 prime?
True
Is 1981 prime?
False
Is 2293 prime?
True
Is 14969 a composite number?
False
Is 516611 composite?
False
Is 1563353 a composite number?
True
Is 59263 a composite number?
False
Is 11953 a prime number?
True
Is 458479 a prime number?
False
Is 822221 prime?
True
Is 9647 a composite number?
True
Is 716129 composite?
True
Is 31399 a composite number?
True
Is 39727 a prime number?
True
Is 130241 composite?
False
Is 13907 a prime number?
True
Is 2317 prime?
False
Is 108457 a composite number?
False
Is 118529 a prime number?
True
Is 3